7 - 91 - -92).
3
What is the value of 14 - (151 - ((-15 - (0 + -23)) + -11))?
-140
80 + (21 + 23 - 34) - 18
72
Calculate -3 + -3 + -9 + (-65 - 23) + 78.
-25
-52 - (65 + 46 + -135)
-28
Calculate 56 + (-76 - (-22 + -2)) + 35.
39
2 + 0 + (11 - 18) + -7 + 5 + -12
-19
((28 - 97) + 78 - (85 - 0)) + 1
-75
What is -9 + (0 + 40 - (13 + 34 + -37))?
21
What is the value of (1 - 13) + (3190 - 3210)?
-32
What is (3 - -43) + 6 + -4 + (-9 - 0 - -7)?
46
Calculate -13 - ((-2 - 22) + 5 + -69 - (-13 + 0)).
62
Calculate -413 - -422 - (-20 + -2 - -2).
29
Calculate (-102 + -229 - -301) + 12 + 1.
-17
What is the value of -41 - (114 + -83 - (63 + 3))?
-6
What is the value of 25 - (67 - (19 + 7)) - 9?
-25
39 - (0 + -4) - (-22 + 7 + 27)
31
52 - 22 - 29 - -7 - 41
-33
9 - 5 - ((-2 - -1) + -29 + -6)
40
-5 + 7 + 6 + (-26 - (-14 + 8)) + -54
-66
Evaluate -3 + 45 - ((-10 - (-15 - -1)) + -12 + 10).
40
Evaluate (-17 - (-18 + (-7 - -23))) + 55.
40
0 + -3 + (-101 - -112) - (-6 - (-4 + 18))
28
Calculate 15 + -80 + 103 + -97.
-59
Calculate -3 - (-87 + (8 - -62)).
14
(79 - 190) + 61 + -3 + -3
-56
What is the value of -609 + 579 + (84 - (0 + -3))?
57
(-9 - -45 - 43) + (-8 - -28)
13
What is the value of (-33 - (38 - 73)) + (-6 - (-4 + 2)) + 6?
4
What is the value of -15 - ((-1 - (-29 - 0)) + 120 + -255 + 129)?
-37
Evaluate -22 - (81 + -63 - 57).
17
10 - (-34 + 46 + -8)
6
Evaluate (203 - (-50 + 116)) + -43.
94
What is the value of 3 - -6 - (-4 - -24 - (40 + -30))?
-1
Evaluate 7 - (6 - 3) - (-161 + 162).
3
Calculate -306 + 305 + (-21 - (0 - 1) - (6 - 4)).
-23
Evaluate -2 + 58 + 6 - (-79 - -79 - (-9 + 1)).
54
What is the value of (-18 + 38 - -1 - 81) + (5 - -2) + -21?
-74
Evaluate 25 + -25 + (-1 - -2) - (-124 + 71).
54
Evaluate -35 + -3 + 13 + 4 + -8 - 12.
-41
What is 2051 + -2054 + (19 - 4)?
12
-74 - ((18 - 2) + 1 - (-373 - -385)) - -4
-75
-16 + -86 + (23 - -7)
-72
Calculate -19 + (-20 - -36 - -2 - -75) + -10.
64
Evaluate -85 + 30 + 127 + -119.
-47
-1 - (-8 - (10 + -25 + 13 + 11))
16
What is the value of 8 - (34 - 23 - (-2 + (-43 - 2)))?
-50
Calculate -74 - 25 - -97 - 37.
-39
Evaluate -11 - (-24 + 8) - (-7 + 17).
-5
What is the value of 0 + 54 - (-6524 + 6468)?
110
What is (-1 - (-8 + 9)) + 2 + (93 - 87)?
6
What is the value of (-8 - (-16 + 7)) + (-5 - 7) - -1?
-10
What is the value of 12 - ((6 - (4 + 10)) + -17)?
37
What is 171 + -2 + 1295 + -1393?
71
What is the value of 5735 + -5706 - (23 - 5 - (0 + 0))?
11
-29 - (90 + (17 - 71))
-65
3 + (-1 - 1) + (-1 + 10 - (253 - 245))
2
Evaluate -18 + (19 + (-20 - -18) - 21).
-22
What is the value of (-2 - -41) + (10 + -20 + 3 - 2)?
30
Evaluate -6 - (-78 + -1 + 17) - 5.
51
What is (4 - 8 - -26) + (5 - 13) + 21 + -9?
26
Evaluate (14 + 0 - (8 + -39 + 28)) + -11.
6
What is -3 + 14 + 24 + -2 + 1 + (-23 - -33)?
44
Evaluate -8 - (-6 + (4 - (2 - -9)) - -51).
-46
Evaluate (-7 - 58) + (-3 - (7 - 19)) - (1 + -3).
-54
What is the value of -84 + 10 - (40 - (-38 + 66))?
-86
What is the value of (1 - -100) + ((-261 - -295) + 0 + -21 - 16)?
98
Evaluate -58 + (-43 - -118 - 29) + -86 + 0.
-98
Evaluate -2 + 8 + (-25 + 27 - (44 + 9)).
-45
Calculate -4 + -10 + (-23 - -59 - -32).
54
What is 14 + (-59 - -63) + (0 - 7) + -12?
-1
What is 2 + (-9 - -1) + 0 + -3 + 27 - -6?
24
Calculate 57 + (-24 - -21) + -15 + -7.
32
(12 + -2 - -4) + (94 - ((-19 - -20) + 10))
97
What is the value of (0 - (-9 + (6 - 24))) + -7?
20
Evaluate -321 + 93 + 109 + 117.
-2
Evaluate 13 + -7 + 18 + (-7 + 5 - 11) - 14.
-3
What is 7 - (-84 + (77 - 24))?
38
What is the value of (51 - (-23 + 48)) + (7 - 16) - 27?
-10
What is 34 + 28 + -54 - 5?
3
What is 42 + (-44 - (-5 - -27))?
-24
What is 5 + -92 + 3 - ((36 - 52) + 20 - -9)?
-97
What is 238 + -276 - ((-2 - 4) + (-5 - -22))?
-49
Evaluate (116 - 198) + (-3 - -49).
-36
Calculate (-96 - -26 - -31) + 9.
-30
Calculate 21 + 1 + (2 - 5) - 84.
-65
Calculate (19 + -9 - 1) + (-40 - -24).
-7
Evaluate -59 + -57 + -11 + 55.
-72
What is (76 - 0) + (-4 - 54 - -52) + (-6 - -1)?
65
What is the value of -93 - (-115 - (-286 - -145))?
-119
Evaluate -13 - (-7 - (-20 + 12) - 13).
-1
What is the value of (8 - -95) + (133 - 179)?
57
Calculate 7 - (-2 - -17 - (23 + 25) - 4).
44
What is 5 - ((-32 - 16) + 67)?
-14
What is the value of (-2 + 83 - (-33 - (-54 - -19))) + (13 - 17)?
75
What is the value of -1 + 1 + 5 + 4 + (14 + 7 - -2)?
32
Calculate 8 + (25 + -31 - (-21 + (-9 - -5 - -2))).
25
What is (19 + -91 - 2) + 38?
-36
Calculate 232 + -231 - (11 + (0 - 2) + 1).
-9
What is the value of 66 + (-37 - -7) + -16?
20
Calculate -8 - ((-13 - -22) + -8 + -8) - -10.
9
Evaluate 30 + 1 + -3 + 59 + -21 + -37.
29
What is (-9 + 42 - 34) + 4 + -22?
-19
-64 + (70 - 38) - -72 - 182
-142
-11 - ((1 - 55) + (12 - (29 - (-4 - -11))))
53
What is the value of (266 - 336) + -9 + 11 + -23?
-91
What is (228 + -192 - (-3 - -60)) + 53?
32
Evaluate 13 + (5 + (25 + -22 - 10) - (-3 - 2)).
16
What is -12 - (-53 - (9 - 9 - (-11 + 10)))?
42
What is the value of -38 + -16 - -30 - (-22 + -1)?
-1
Calculate 4 + (49 - (-45 - -84)).
14
What is 2 + 172 + -172 + -1 + 4 + 7?
12
Calculate (0 - (2 + 7)) + -11 + 18.
-2
What is the value of 4 + 67 + -37 - -22?
56
What is the value of (-8 - -15 - (-21 - -36)) + -13?
-21
What is (5 - 12) + 1 - (-67 + 71) - 28?
-38
Calculate (-82 - (-17 - 34)) + 29.
-2
Evaluate 36 - (140 - 133 - (-13 + -1)) - 30.
-15
Evaluate -6 + -1 + (5 - (26 - (-15 + 27))).
-16
Evaluate 1 + 8 + ((-13 - -11) + 20 - 53 - 16).
-42
Evaluate -15 + 3 - -67 - 40.
15
-46 + 52 + -20 - -53
39
What is the value of (13 - (0 + 4)) + (-39 - -5) + 57 + -50?
-18
Evaluate -5 - 1 - (-1 - 4) - (-6 - (-6 + 4)).
3
What is -86 - (11 - 41 - -3 - -32)?
-91
Evaluate -1400 + 1377 - (5 - 3 - 25).
0
(-16 - 1) + 0 - ((120 - 266) + 147)
-18
What is (-66 - -39) + (-85 - (0 - 9))?
-103
Evaluate -12 + 11 + 51 + (-23 - 18) - (3 + -1).
7
What is the value of -4 + -6 - 4 - (-14 + 7 + 1 + 2)?
-10
12 - (14 - (-12 - 2)) - -10 - 98
-104
What is (42 - (9 - 26 - -42)) + -1 + 26?
42
Calculate 39 + 89 + -260 + 135.
3
31 - (11 + (-7 - 7) + (2 - 8))
40
What is 0 - -12 - (-4320 + 4369)?
-37
Evaluate (2 - 102) + (12 - (25 + 2 + -17 + -5)).
-93
Evaluate 35 - (36 - 69 - -16).
52
What is the value of 97 - (274 + (-35 - 110))?
-32
Evaluate (-26 - -50 - -10 - -31) + -3 + 0 + -5.
57
What is (22 - 33) + (-5 - 18)?
-34
Calculate -21 - 14 - (-17 + -9) - ((-6 - -1) + 4).
-8
Calculate -17 + 2 - (21 + -29 + -13).
6
48 - (28 + 35 - -26)
-41
67 - 60 - 35 - -27
-1
-90 + (-1 + -9 + (-173 - -165) - -17)
-91
What is -16 - (6 - -25) - -64?
17
What is (103 + -104 - (-1 - 5)) + -36?
-31
11 + (8 - 7) - 3 - (1 - -1)
7
What is 13 + 547 + -527 + (0 - 31) - (-1 - 33)?
36
Calculate (2 - (3 - -2 - 2)) + (-36 - -53) + 6.
22
Calculate 48 - (33 - (0 + 6)) - (140 + 3).
-122
What is 83 + -74 - (-7 + 22 + 0)?
-6
Calculate -2 + (-10 + -1 - (5 - (19 - -36))).
37
(5 - 22) + (-77 - -7) + 9 + -9
-87
-9 - (-38 + 39 + -30 - -13)
7
What is the value of ((0 - -6) + 236 + -228 - -92) + -16?
90
What is the value of 13 - 2 - 3 - (-52 + (24 - 17) + 29)?
24
Calculate 58 + -14 + -46 + -2 - 9.
-13
What is the value of -2 - ((85 + -87 - (1 + -76)) + -13)?
-62
What is the value of 8 - (-16 - (-39 - (9 + -35)))?
11
What is 11 - (15 - (2 + 9 + -10 + 17))?
14
Calculate 26 + (2 - 0) + (-5424 - -5313).
-83
What is the value of -8 + (25 - -7 - 13) + -3?
8
Evaluate 39 + 27 + 10 + -1 - (15 + -38).
98
What is -75 + 6 + 63 + -1 + 144 - (9 + 5)?
123
What is the value of (-87 - (-79 + -11)) + 2 + -5 + -1 + 24?
23
Calculate 17 + (590 + -669 - (-2 + 7 + -5)).
-62
Evaluate (24 - (138 - 115)) + -17.
-16
(779 - 794) + 69 + -3
51
Calculate 0 + -21 + (-1 - (-7 + -13)).
-2
Evaluate (907 - 873) + 2 + -2 + -2.
32
Evaluate -69 - (-12 + 0 - (53 + -55)) - (-4 + -2).
-53
Calculate (-1 - -6) + 164 + -32 + -132 - (1 + 66).
-62
What is 1055 + -983 - (-3 - -136)?
-61
Evaluate -24 + 1 - (52 - 66 - -30).
-39
Calculate 21 + -3 + -25 - (-25 + 3 - (1 - 0)).
16
What is -2 + 6 + -669 + 635?
-30
Calculate (-400 - -392 - (-66 + -1 + 2)) + 1 + 12.
70
Calculate -9 + 10 + -4 - (-46 + 56 + 0 + -121).
108
What is the value of -3 + 2 - (17 - (-10 + 8 + (-28 - -21)))?
-27
What is -177 + 1 + 108 - -153?
85
What is (-28 - -44 - 41) + 116 - (21 + -3)?
73
-34 - -5 - (-449 - -455)
-35
What is (7 - ((13 - (-32 - -79)) + (12 - 0))) + 8?
37
What is (2 - 